c9e1
In base 2, what is -10001001111101100 + 10010?
-10001001111011010
In base 7, what is -236 + 103?
-133
In base 7, what is 530156 + -5?
530151
In base 3, what is -22200011 + -11?
-22200022
In base 14, what is -8 - -3c1?
3b7
In base 9, what is 70 + 163?
243
In base 9, what is 1571 - 74?
1486
In base 4, what is -1133 - 202?
-2001
In base 2, what is -1110111111111 - 1001?
-1111000001000
In base 15, what is -64 + -835?
-899
In base 12, what is -48 - 580?
-608
In base 3, what is -10 + -2001002210011?
-2001002210021
In base 10, what is 3 + -13678?
-13675
In base 16, what is 3 - -8f3?
8f6
In base 2, what is -10011010100111101 + 1?
-10011010100111100
In base 12, what is 24 + -2b50?
-2b28
In base 12, what is -53 + -485?
-518
In base 5, what is -11 + -24002?
-24013
In base 12, what is 83a - 51?
7a9
In base 4, what is -120212112 + -3?
-120212121
In base 6, what is -102 + 230050?
225544
In base 6, what is 5231452 + 13?
5231505
In base 9, what is -22054 + -4?
-22058
In base 9, what is 486 - 147?
338
In base 7, what is 150356 + 23?
150412
In base 5, what is -3 + 40433410?
40433402
In base 15, what is -4eb - -24?
-4c7
In base 13, what is 2 + 49?
4b
In base 3, what is -1100 + -2120201?
-2122001
In base 9, what is 3 + 8622?
8625
In base 7, what is -453145 + -3?
-453151
In base 15, what is b + -6ee6?
-6eda
In base 7, what is 104650 + 300?
105250
In base 13, what is 8 - -19383?
1938b
In base 16, what is -1 - -22e4?
22e3
In base 12, what is -2 + 1aba?
1ab8
In base 5, what is 4423310 + 0?
4423310
In base 13, what is -2 - -130099?
130097
In base 12, what is 3985 - 30?
3955
In base 9, what is -6 - 1050782?
-1050788
In base 8, what is 452 + -122?
330
In base 13, what is 2a + -4ca?
-4a0
In base 2, what is -1 - -1010000011001?
1010000011000
In base 4, what is 2 - -22001?
22003
In base 11, what is -34a - -1577?
1228
In base 8, what is 61220 + -72?
61126
In base 8, what is 35077 + 3?
35102
In base 13, what is -2 + 435?
433
In base 13, what is -2 + 1446?
1444
In base 15, what is -510d - 1?
-510e
In base 4, what is 1003 - 311?
32
In base 9, what is -10 - 20435?
-20445
In base 6, what is 303343 + 12?
303355
In base 7, what is 322306 - 5?
322301
In base 7, what is 15106 + -3?
15103
In base 2, what is -101001010000 - 11000?
-101001101000
In base 15, what is 4 + d12?
d16
In base 15, what is -1 + -10a5a?
-10a5b
In base 14, what is -25d - 97?
-316
In base 7, what is 14 - -11242?
11256
In base 12, what is -4522 + -32?
-4554
In base 12, what is -1 - -44a2?
44a1
In base 8, what is 5 - 314361?
-314354
In base 3, what is 121211100 + -20?
121211010
In base 11, what is -1 - -55207?
55206
In base 4, what is -1 + 110130123?
110130122
In base 2, what is 100111 + 1010110000111?
1010110101110
In base 12, what is -1a540 + 3?
-1a539
In base 8, what is -26 - 1570?
-1616
In base 3, what is -2 + 120000120?
120000111
In base 12, what is 1549 + 0?
1549
In base 15, what is -87 + 2b5?
22d
In base 13, what is -12a - -2?
-128
In base 15, what is -5 + 8280d?
82808
In base 2, what is 1101010101 - -100101110?
10010000011
In base 6, what is -24 - -1001020?
1000552
In base 3, what is -1020122 - -11110?
-1002012
In base 12, what is -9 - 16ab11?
-16ab1a
In base 11, what is 15 - -979?
993
In base 11, what is 0 + -15923?
-15923
In base 4, what is 101112022 + -1?
101112021
In base 13, what is 104498 + -4?
104494
In base 3, what is 12011020212 - -2?
12011020221
In base 12, what is -4a0 + -2b5?
-795
In base 15, what is -3 - 1488?
-148b
In base 15, what is 2a5 + d9?
38e
In base 7, what is 2 + 26315?
26320
In base 5, what is 4222 - -1304?
11031
In base 7, what is 5 - -2533?
2541
In base 5, what is -134 + -310234?
-310423
In base 16, what is -65 - -4e6?
481
In base 12, what is 5197 + -150?
5047
In base 13, what is 2b + b?
39
In base 10, what is 107 + -4211?
-4104
In base 15, what is -3 - -6a7d?
6a7a
In base 10, what is 67 + -3319?
-3252
In base 10, what is 1 + 5976?
5977
In base 4, what is 21133 + 300221?
322020
In base 6, what is -30241 - 1351?
-32032
In base 8, what is 162 + 1?
163
In base 4, what is -233121321 + 2?
-233121313
In base 6, what is 5 + -35444?
-35435
In base 5, what is 14110043 - 3?
14110040
In base 12, what is -1b8 - -299?
a1
In base 8, what is 2751 + 104?
3055
In base 9, what is -16 - 10204?
-10221
In base 15, what is 0 - -1cd32?
1cd32
In base 5, what is -21111130 - -12?
-21111113
In base 7, what is -4422 - 2?
-4424
In base 7, what is 3250 - 5?
3242
In base 5, what is -11221024 - -10?
-11221014
In base 10, what is 5 - -156952?
156957
In base 6, what is -30353552 + 1?
-30353551
In base 2, what is -110011001110010100010 - 11?
-110011001110010100101
In base 7, what is -12 + -20113?
-20125
In base 3, what is -1120101211110 + 10?
-1120101211100
In base 14, what is -5b5 + -d?
-5c4
In base 8, what is 1212307 - -16?
1212325
In base 3, what is 21202100 + -122221?
21002102
In base 14, what is 10a + -27b?
-171
In base 10, what is 2 + -955?
-953
In base 16, what is 2023b - -14?
2024f
In base 4, what is -132003322 + 11?
-132003311
In base 12, what is -10aa - -47?
-1063
In base 16, what is 12 - 4a72?
-4a60
In base 4, what is 3 + 310102233?
310102302
In base 3, what is -10200 + 211122010?
211111110
In base 2, what is -100 + -1110001111001?
-1110001111101
In base 7, what is -10151 - 246?
-10430
In base 7, what is -2 - -131400?
131365
In base 16, what is 1ab4 + -9?
1aab
In base 3, what is -20202220000 + 100?
-20202212200
In base 4, what is -31101 - -1102?
-23333
In base 9, what is 171 - 2541?
-2360
In base 14, what is -22 - 412d?
-4151
In base 9, what is 137 + -305?
-157
In base 7, what is -40065 + -314?
-40412
In base 4, what is 121323 + -211?
121112
In base 11, what is -3 + 2029?
2026
In base 16, what is 2 - e6a6d?
-e6a6b
In base 10, what is -109 - -38?
-71
In base 6, what is 24012 + -1?
24011
In base 8, what is -10201 + -2?
-10203
In base 14, what is -64 - 112?
-176
In base 8, what is 4246 + -1417?
2627
In base 11, what is -17 + 4388?
4371
In base 14, what is -934 - 11?
-945
In base 13, what is -10c4 + -b?
-1102
In base 9, what is 20114 + 146?
20261
In base 2, what is -110110100101001110 - 11?
-110110100101010001
In base 8, what is 1 - -53343?
53344
In base 14, what is b78a - 45?
b745
In base 2, what is -110101010 - 10101111?
-1001011001
In base 16, what is c - 2574?
-2568
In base 9, what is -4146 - 366?
-4523
In base 12, what is 5 + -5a330?
-5a327
In base 16, what is -2d1 + 4c?
-285
In base 11, what is -43 - 1202?
-1245
In base 3, what is 221 + -122101210?
-122100212
In base 5, what is 3 - -102000033?
102000041
In base 15, what is -3 + -8117?
-811a
In base 9, what is -133 - -587?
454
In base 13, what is -2 - 16243?
-16245
In base 4, what is 30202 - -3222?
100030
In base 4, what is 2 + 2120220?
2120222
In base 6, what is 10454 + -24425?
-13531
In base 4, what is 3 + 3001312310?
3001312313
In base 6, what is -10 - -41030?
41020
In base 2, what is 1101010000011100 + 11110?
1101010000111010
In base 14, what is 153 - -20?
173
In base 14, what is 10 - 11031?
-11021
In base 14, what is -9 - 4315a?
-43165
In base 14, what is 4b + 4c51?
4c9c
In base 10, what is 12362 + 2?
12364
In base 7, what is -1510 - -3202?
1362
In base 13, what is 18 + 21b49?
21b64
In base 5, what is -4 + -1012014?
-1012023
In base 16, what is 3b4 - -5b?
40f
In base 3, what is 11020 - 1112121?
-1101101
In base 3, what is -12011201 + 1010000?
-11001201
In base 4, what is 111012 - 12330?
32022
In base 13, what is -2082 + -8?
-208a
In base 6, what is 1251422 - 30?
1251352
In base 7, what is -23102 + -3032?
-26134
In base 6, what is 2 - 25355?
-25353
In base 15, what is -823e + -2?
-8241
In base 12, what is 0 + -402993?
-402993
In base 13, what is -176 - 3346?
-34bc
In base 16, what is -19861 - 7?
-19868
In base 15, what is 0 - -6561?
6561
In base 3, what is -111220101102 - 11?
-111220101120
In base 16, what is 32533 - -6?
32539
In base 5, what is -3044 - -40?
-3004
In base 3, what is 102201 + -110?
102021
In base 13, what is -7 - 2c80?
-2c87
In base 4, what is -133 - 1023013?
-1023212
In base 11, what is 0 - 194a?
-194a
In base 10, what is 27968 - -3?
27971
In base 11, what is 9a1 - -1938?
2829
In base 6, what is -141 + -1400?
-1541
In base 15, what is -bc94 - -11?
-bc83
In base 9, what is -43214 + 277?
-42826
In base 6, what is -325 - -340?
1